u - 12 - 83 = 0. Calculate the highest common factor of u and 133.
19
Suppose -2*r + 3*r + 1 = q, 5*q = 4*r + 8. Suppose 0 = -o + 4*f - 5*f + 24, 2*o + 3*f - 48 = 0. What is the greatest common divisor of o and r?
3
Let k be (-2)/4 - 267/(-6). Suppose -5*v = -3*v - 220. What is the greatest common factor of v and k?
22
Let v be (1/(-2))/((-6)/12). What is the greatest common divisor of 3 and v?
1
Let x = 18 + -9. Calculate the greatest common factor of 63 and x.
9
Let a(p) = p**2 + 9*p - 10. Let q be a(-11). Calculate the greatest common factor of 6 and q.
6
Suppose 2*y - 4 = 0, -5*f - 2*y - y = -531. What is the highest common factor of f and 42?
21
Suppose -y = -0*y - 3. Let i be ((-18)/y)/3 + 2. Suppose -117 = -i*u - 3*u. What is the highest common divisor of u and 26?
13
Let q = 5 + -2. Suppose a - 2*a - 19 = -2*c, -2*c - q*a = 1. Let w = 1 + c. What is the highest common divisor of w and 72?
8
Let w be 4/6 + (-6810)/(-45). What is the highest common factor of 19 and w?
19
Let s = -12 + 16. Let r be -4 + 3 + -1 + s. What is the highest common divisor of r and 4?
2
Let f = 69 - -26. Suppose -4*a = -45 - f. What is the highest common factor of 14 and a?
7
Let p = -121 - -176. What is the greatest common factor of 33 and p?
11
Suppose 15 = -2*k + 7*k. What is the highest common divisor of k and 6?
3
Suppose -5*f + 2*b = -0*b - 129, -2*f - b = -57. Let p be 7/(-3*(-3)/f). Calculate the highest common factor of 84 and p.
21
Let w(o) = -o**2 + 4*o - 1. Let n be w(5). Let k(i) = i**2 + 2*i - 2. Let z be k(n). Let u = z + 95. Calculate the highest common factor of 13 and u.
13
Let r(l) = -l**3 - 4*l**2 - l - 1. Let i be r(-4). Suppose -4 = p + i*p. Let u be p + 0 - (-3 + -54). Calculate the greatest common divisor of u and 8.
8
Let n(h) = h**2 - 2*h + 1. Let o be n(0). What is the greatest common factor of 5 and o?
1
Let u = -69 - -285. What is the greatest common divisor of u and 27?
27
Let p be (-4)/(-6) - (-2336)/6. Let u = 577 - p. Calculate the greatest common factor of 17 and u.
17
Let h(n) = -n**2 - 6*n. Let u be h(-5). Let y = 7 - 2. Suppose y*l = 235 - 35. What is the highest common factor of l and u?
5
Suppose 5*q - 33 = -3*p - 0, -5*q + 5*p = -25. Calculate the highest common divisor of q and 30.
6
Let m(k) = 8*k - 4. Let f be m(4). Let y be 8/(-10)*(3 - f). Suppose -s + 0*s = 4*u - 12, 5*u - 5*s - 40 = 0. Calculate the greatest common divisor of u and y.
4
Let s = 20 + -14. Suppose -s*d + 4*t = -d - 24, 2 = -2*t. What is the greatest common factor of d and 32?
4
Suppose -3*y + 2 + 4 = 0. Let x be ((-68)/6)/(y/(-9)). Calculate the highest common factor of x and 17.
17
Let v(i) = i + 4. Let o be v(5). Suppose -2*d + o = -q, -d + 2*q + 4 = -4*d. Calculate the greatest common factor of d and 1.
1
Let s(c) = -5*c + 68 + 4*c - 3. Let m be s(0). Suppose -2*i - i + y + m = 0, -55 = -2*i + 3*y. Calculate the highest common factor of i and 20.
20
Suppose -5*m + 11 = g - 16, 3*g = -3*m + 9. Calculate the greatest common divisor of m and 3.
3
Suppose 6*b = b + 30. Let a = 1 + 1. What is the highest common divisor of b and a?
2
Suppose -v + 132 = 3*v. Let c(d) = -d + 14. Let a be c(-8). Calculate the highest common divisor of v and a.
11
Let p be (6/(-18)*-12)/((-2)/(-16)). Calculate the greatest common divisor of p and 160.
32
Let x be 1*(-1 + 6)/1. Let b(m) = m**3 - 3*m**2 + 3*m - 3. Let p = 13 - 9. Let n be b(p). What is the greatest common divisor of x and n?
5
Let s(v) = v**3 + 16*v**2 - 17*v + 17. Let t be s(-17). What is the greatest common divisor of 17 and t?
17
Let i = -11 + 12. Calculate the highest common factor of 7 and i.
1
Suppose 5*w + 0*q + q = 1222, 2*q - 4 = 0. Suppose 5*m + 0*m = -780. Let d = w + m. Calculate the greatest common factor of d and 11.
11
Let q = 15 - 5. Calculate the highest common divisor of q and 5.
5
Let t = -157 + 226. Suppose 38 = 3*y + a, 2*y - 5*a + t = 6*y. Let b(r) = r**2 - 5*r - 3. Let h be b(-4). Calculate the greatest common factor of y and h.
11
Let p = 91 + -22. Calculate the greatest common divisor of p and 23.
23
Let a be (34/(-10) - (-6)/15) + 12. What is the greatest common divisor of 27 and a?
9
Suppose 2*b = 3*b - 7. What is the highest common divisor of b and 21?
7
Let h(o) = 3*o**3 + 5*o**2 - 3*o + 6. Let u be h(-5). Let q = 458 + u. Let z = q - 85. What is the highest common factor of 16 and z?
16
Suppose y - 12 = -3*y. Suppose -s + y*s = 102. What is the greatest common divisor of 34 and s?
17
Suppose 177 = 3*l + 4*t, -141 = -3*l - t + 45. What is the greatest common factor of l and 7?
7
Let o = -3 - -4. Suppose 0 = -3*l - 2*u + 14, 0*l - 3*u + 10 = -l. What is the greatest common divisor of l and o?
1
Let f = 8 - 8. Suppose -j + 4 + 8 = f. What is the greatest common factor of 6 and j?
6
Let d(g) = g**2 - g + 36. Let u be d(0). What is the highest common divisor of 108 and u?
36
Let c = -73 + 89. Calculate the greatest common divisor of c and 2.
2
Let w = -13 + 20. Calculate the highest common factor of 7 and w.
7
Suppose 6 = 2*n + n. Calculate the highest common divisor of 18 and n.
2
Suppose 11*v + 219 - 2991 = 0. What is the highest common factor of 12 and v?
12
Suppose -17*n = -16*n - 9. Let v = -7 + n. What is the highest common factor of v and 5?
1
Suppose -100 = -3*u - 5*i, 0 = u + 2*i - 0*i - 33. Let l = u + -19. Calculate the highest common divisor of 8 and l.
8
Suppose 0*r = r - 32. Let p be r/12*(33 - 0). Calculate the greatest common factor of p and 8.
8
Let i(m) = m**3 - 3*m + 1. Let s be i(3). Suppose 0 = 3*d + 3, d - 34 - s = -3*r. Calculate the highest common factor of r and 36.
18
Let b = 5 - 5. Suppose b = -2*n - 10, 2*u + n + 6 = -3*n. Let x = 5 - -23. What is the greatest common factor of x and u?
7
Suppose -18*k = -8*k - 250. Calculate the highest common divisor of 5 and k.
5
Let a be (13 + 0)/((-6)/(-66)). What is the highest common divisor of 13 and a?
13
Suppose -8*z - 456 = -11*z. Calculate the greatest common divisor of 19 and z.
19
Let f be 34/6 + 1/3. What is the highest common divisor of f and 9?
3
Let z be (-20 + 4)*(-5 - -3). Let a = 21 - 13. What is the greatest common factor of z and a?
8
Suppose -396 = u - 2*u. Suppose u = -3*p + 6*p. What is the greatest common divisor of p and 12?
12
Let l be 9/(-6)*(-12)/(-9). Let m be (-18)/l - (-1 + 3). Calculate the highest common factor of 35 and m.
7
Suppose 0 = -5*h + 10, 2*d + 4*h - 1 = 13. Let z = d + 0. Suppose -z*x + 53 = 14. What is the highest common factor of x and 26?
13
Suppose -5 = -p + z, -2*z - 18 = -3*p - 5. Suppose p*x = x + 10. Suppose x*a = 6 + 14. What is the highest common factor of 36 and a?
4
Let j = -71 + 80. Calculate the highest common divisor of j and 6.
3
Suppose -2*c + 5*c - 21 = 4*j, 2*c = 6. Let i(f) = 19*f**2 - 4*f - 1. Let a be i(j). Let z be a/10 + 2/(-10). Calculate the greatest common factor of 36 and z.
18
Suppose 0 = -2*a + 85 + 71. What is the highest common divisor of 195 and a?
39
Let r = 4 - 3. Let u be (0 + 6 - r)*1. Suppose 0 = 4*w - n - 67, -u*n - 9 = -2*n. Calculate the greatest common factor of 112 and w.
16
Suppose -4*p + 3*u + 205 = 0, 5*u + 37 = 2*p - 48. Let j = 23 - 12. What is the highest common factor of j and p?
11
Let q be (-8)/(12/(-3)) - -18. What is the highest common factor of q and 20?
20
Suppose -4*z = z - 320. What is the highest common divisor of 8 and z?
8
Suppose q - 245 = -6*q. Calculate the highest common divisor of q and 5.
5
Let i(v) = 7*v**2 + 3*v - 7. Let p be i(3). Calculate the highest common factor of 26 and p.
13
Let c be (-1 - (-6)/3)/1. Calculate the greatest common divisor of c and 3.
1
Suppose 18*n + d = 23*n - 108, 0 = n + 5*d - 32. Let v be (-14)/(-8) + 2/8. Calculate the greatest common factor of n and v.
2
Let i = 2 + -28. Let u = 16 - i. Let l = u - 28. Calculate the highest common factor of l and 14.
14
Let r = 4 + 2. What is the highest common divisor of 4 and r?
2
Suppose 0 = -3*m + 4*c + 7, -6*m + 5*m = 4*c - 13. Suppose 0*d - 66 = -3*d. Suppose v - 13 - d = 0. Calculate the greatest common divisor of m and v.
5
Let z(c) = -c**3 - 7*c**2 - 6*c + 11. Let k be z(-6). Let o = 16 + 63. Let h be o + -2 - (2 + -2). What is the highest common divisor of k and h?
11
Suppose 6*z - z - 25 = 0. Calculate the greatest common divisor of 